and 64.
16
Let q(o) = 432*o - 422. Let k be q(1). Suppose 0*y - 5*s = -3*y + 280, -172 = -2*y - 4*s. What is the highest common divisor of k and y?
10
Suppose -5*y + 55 = 4*w, 3*w = 135*y - 140*y + 35. What is the greatest common divisor of w and 985?
5
Let y = -13 - -26. Suppose -2*k = -y - 3. Suppose -171*d + 780 = -1166 - 1474. Calculate the highest common factor of d and k.
4
Let c be ((-23)/138 + (-350)/(-12))/(19/95). What is the highest common factor of 45 and c?
5
Let n = -587 - -731. Suppose 5*y + y = 18. Suppose y*p - 28 + 1 = 0. What is the greatest common factor of n and p?
9
Let f = -7999 - -8710. What is the greatest common divisor of f and 153?
9
Suppose -4*h + 10968 = 5*u, -2 = h + 1. Calculate the highest common divisor of u and 6.
6
Suppose 19*p + 3*l = 18*p + 6, 2*l - 20 = -2*p. What is the greatest common factor of 45 and p?
3
Let k = 12 - 0. Let x(i) = 18*i**2 - 50*i - 12. Let n be x(3). Let q = k + n. Calculate the greatest common divisor of 20 and q.
4
Suppose -87 = -6*l + 87. Let w = l - 17. Let y = -147 - -151. Calculate the highest common divisor of y and w.
4
Let b be (-1740)/(-18)*6/4 - -1. Suppose 152*d = b*d + 1368. What is the greatest common factor of 76 and d?
76
Let r be (-4)/(-88) + (-237588)/(-264). Calculate the greatest common divisor of r and 612.
36
Suppose 3*s - a = 290, 5*a + 1203 = -s + 1321. What is the greatest common factor of s and 9751?
49
Suppose 3*a + 4 = -38. Let h be 2/7 + (-458)/a. Calculate the highest common factor of h and 11.
11
Suppose -2*a - 324*i = -328*i - 602, -3*a - 4*i + 893 = 0. Calculate the greatest common divisor of a and 1817.
23
Let z = 31 - -11. Suppose 54*y - 69*y + 420 = 0. Calculate the greatest common factor of y and z.
14
Let t(d) = 235*d**3 + 2*d**2 + 1. Let w be t(1). What is the greatest common divisor of 102 and w?
34
Let z = -213 - -287. Let w = 1305 + -750. Calculate the highest common factor of z and w.
37
Let a(n) = 7*n**2 + 3*n - 1172. Let k be a(-35). What is the greatest common divisor of k and 712?
178
Let a(m) = -72*m**3 - 68*m**2 - 67*m + 1. Let f be a(-1). What is the highest common factor of 872 and f?
8
Let s = 9 - 6. Suppose 2*j = 5*n - 208, s*n + j + 24 = 151. Let u = 6831 + -6768. What is the greatest common divisor of u and n?
21
Let d = 41700 + -41414. What is the highest common divisor of d and 22?
22
Let l = -4652 - -4674. What is the greatest common divisor of l and 12254?
22
Let h be -1 + -1 + (9 - -9). Suppose 0 = h*p - 12*p - 2240. Suppose 4*v - p = -128. Calculate the greatest common divisor of v and 12.
12
Let x be 6166/4 - (-2)/(-4). Let n = -479104 - -479171. Calculate the greatest common factor of x and n.
67
Let x = 241842 - 241756. Let h = 171 - -302. What is the greatest common factor of x and h?
43
Let m(h) = -196*h - 6029. Let a be m(-31). Suppose -188 = r - 3*r. What is the greatest common factor of a and r?
47
Let i(l) be the first derivative of -2*l**3/3 + 15*l**2 - 49*l - 15. Let s be i(13). Calculate the greatest common factor of 33 and s.
3
Suppose -y - 2*f = 2, 0 = 5*y + 20*f - 15*f + 15. Let k be (-44)/(-8) + 4 - (-2)/y. Calculate the greatest common divisor of 81 and k.
9
Suppose 3*g - 63324 = -5*a, 291*a = 287*a + 5*g + 50600. Calculate the greatest common factor of a and 240.
60
Let y = 40194 + -40092. What is the highest common divisor of 5763 and y?
51
Suppose 2190 = 3*d - 5*m, 0 = 6*d - 9*d - m + 2226. Calculate the greatest common factor of 20 and d.
20
Let t be 1*4/(-24)*-21*(139 - -61). What is the greatest common divisor of 10 and t?
10
Suppose 5*u = -x + 2692, -18*u + 14*u + 13565 = 5*x. What is the highest common divisor of 2299 and x?
209
Suppose 5*j + 715 = 4*z, -207 = -2*z - 3*j + 156. Calculate the greatest common divisor of z and 864.
36
Suppose 2*h = -2*j + 292, 87 = 2*h - 2*j - 185. What is the highest common divisor of 17907 and h?
141
Suppose 6272 = 1002*u - 974*u. Calculate the highest common factor of u and 462.
14
Suppose -33 = 29*f - 120. Let q = 6 + -3. Suppose q*c + 3*h - 3 = 0, c = -2*h - 8 + 4. Calculate the greatest common divisor of f and c.
3
Let g(z) = 44*z**2 + z - 3. Let l be g(3). Suppose -111 = -3*r - 3*y, 4*y = 5*r - 455 + 207. Calculate the highest common factor of l and r.
44
Let k be 60 + (7/((-35)/(-20)) - 8). Suppose 0 = -51*p + k*p - 45. What is the highest common divisor of 1 and p?
1
Let u(q) = -17*q + 197. Let s be u(11). Let y = 12 - 7. Suppose -y*x = -x - 100. What is the highest common factor of x and s?
5
Let y(u) = 5*u**2 - 13*u - 87. Let w be y(6). What is the highest common divisor of 48 and w?
3
Let p(j) = -13*j + 468. Let b(k) = 6*k - 237. Let t(u) = -7*b(u) - 3*p(u). Let o be t(22). Calculate the highest common divisor of o and 27.
27
Suppose -2*r + 0 = -16. Let m(x) = x**2 - 8*x + 12. Let i be m(r). Suppose l - 6*f = -8*f + 12, -3*f - 21 = -5*l. What is the greatest common factor of i and l?
6
Suppose 180 = 2*c - 0*g - 2*g, -5*c + 446 = -3*g. Suppose 2 + 6 = 4*t. Suppose 9*d = -t*d + 1452. Calculate the highest common factor of c and d.
44
Let y be ((-198)/44)/(-1*(-5)/(-2350)). What is the greatest common divisor of 3055 and y?
235
Suppose 0 = f - 4*k + 751, -4*f = -0*f - 2*k + 2976. Let i = f - -888. Calculate the highest common divisor of 87 and i.
29
Let m be ((-7)/(147/30)*-7)/(-2). Let b be 1 + -5 + (-1 - m) - -400. What is the highest common divisor of 16 and b?
16
Suppose 0 = 5*q + z + z - 100, 2*z = -q + 28. Let w = q - 3. Suppose 2*r + 5*s - 2 = 0, 2*r + 28 = 6*r - 2*s. What is the highest common factor of r and w?
3
Let z = 15856 + -15760. Calculate the highest common factor of 852 and z.
12
Suppose 62*i = 57*i. Suppose i = 12*l - 10*l - 70. Calculate the greatest common divisor of l and 20.
5
Suppose 3*x + 5*x - 32 = 0. Suppose -4*r - d = 140, -5*r + 3*d + x - 196 = 0. Let h = -29 - r. What is the highest common divisor of 56 and h?
7
Let d be -12*(45/(-20) + 3). Let k(q) = -4*q - 31. Let t be k(d). What is the highest common divisor of t and 5?
5
Let y = 1222 - 577. Suppose 17*j - y = 171. What is the greatest common factor of j and 120?
24
Suppose d + 21 = 20, 0 = -7*w + 2*d + 1311. What is the highest common divisor of w and 2332?
11
Suppose -3*r + m = -2*m - 339, -3*r + 5*m = -341. Let b = -175 - -215. Suppose b = 5*j - 40. What is the highest common factor of r and j?
16
Let u(o) = o**2 - 25*o - 429. Let p be u(-12). Let q(r) = -r**3 - r + 55. Let d be q(0). What is the greatest common factor of p and d?
5
Let a = 109 + -88. Suppose -16*r + a*r = 45. Calculate the greatest common divisor of r and 99.
9
Let z be 576/27 + (-2)/6. Let g be (1*-2 + (-3)/(-2))*0. Suppose -p = 4*l - 14, 4*l - l = g. Calculate the highest common divisor of p and z.
7
Let y = 35655 - 32388. What is the highest common factor of y and 264?
33
Let g = 361 - 374. Let y = 13 + -8. Let z = y - g. Calculate the highest common factor of 72 and z.
18
Let r(d) = -4*d - 20. Let j be r(-11). Suppose -26*h = -j*h. Suppose h*f = f - 100. What is the greatest common factor of f and 25?
25
Let q = -6320 - -6390. What is the highest common factor of q and 1925?
35
Let n(d) = -63*d**3 + 21*d + 22. Let m be n(-1). Calculate the greatest common divisor of m and 832.
64
Let s = -4730 + 4749. Suppose -2*w + 1 = -1. What is the greatest common factor of s and w?
1
Let h(p) = -60*p - 4553. Let c be h(-80). Calculate the greatest common divisor of c and 1313.
13
Suppose 2*t - 551 = -i, -46*i + 41*i - 794 = -3*t. What is the highest common divisor of t and 390?
39
Let j = 10 + 60. Suppose 7*r - 20 = 3*r. Suppose 3*n - 10 = r*l, -n = 3*n + 3*l - 52. What is the greatest common factor of j and n?
10
Suppose -69*f = -66*f - 894. What is the greatest common factor of f and 3725?
149
Let x(y) = y**3 + 27*y**2 + 52*y - 3. Let u be x(-25). Let i = u + 56. Calculate the greatest common divisor of i and 57.
3
Suppose -g = -3*v + 8*v + 13, 0 = -3*g + 3*v + 15. Let d be -3 + 0 - (-35 - g). What is the greatest common factor of 170 and d?
34
Let d = 14677 - 9515. Calculate the greatest common factor of 178 and d.
178
Let p be -6 + (-651)/(-7) + 1. Suppose -468 = -38*d - p. What is the greatest common factor of 125 and d?
5
Suppose -4*d - 101 = -1. Suppose -25*z = -26*z + 2, -2*z = -4*k + 528. Let x = d + k.